= -8*k**3 + 451*k**2 - 155*k - 712. What is m(56)?
16
Let l(d) = d**2 + 414*d - 53255. Give l(103).
-4
Let i(z) = -161*z + 10518. Give i(85).
-3167
Let n(o) = 62*o**2 + 779*o + 428. Determine n(-12).
8
Let i(c) = 2388*c**2 - 9518*c + 9. What is i(4)?
145
Let l(x) = -x**3 - 42*x**2 + 73*x - 647. Determine l(-44).
13
Let k(s) = 2342*s - 119878. What is k(51)?
-436
Let h(a) = 1924*a + 18917. What is h(-10)?
-323
Let x(g) = 13552*g - 81981. Calculate x(6).
-669
Let g(r) = 3*r**3 + 80*r**2 + 389*r - 1821. Determine g(-17).
-53
Let s(w) = -29*w**3 + 3712*w**2 - 9*w + 1159. Calculate s(128).
7
Let w(h) = -3595*h**2 + 64686*h - 2. Determine w(18).
-434
Let l(d) = -d**3 + 336*d**2 - 1680*d + 64. What is l(5)?
-61
Let c(o) = 722*o**2 + 156677*o + 636. Give c(-217).
-15
Let j(w) = -1959*w + 37234. Determine j(19).
13
Let t(h) = 171*h - 5920. Determine t(36).
236
Let f(g) = -13*g**3 + 61*g**2 - 25*g + 86. Give f(4).
130
Let i(h) = -28*h**3 - 22*h**2 - 16*h + 125. Give i(2).
-219
Let a(g) = -6*g**2 + 6013*g + 65977. What is a(-11)?
-892
Let f(a) = a**3 + 345*a**2 - 4274*a - 60. Give f(12).
60
Let c(g) = 2*g**2 + 25658*g - 1236197. Give c(48).
-5
Let j(h) = 1209*h + 4684. Give j(-3).
1057
Let t(c) = 52*c**2 + 85*c + 5. What is t(0)?
5
Let a(z) = 266*z + 13803. What is a(-68)?
-4285
Let z(k) = 2752*k - 52310. Give z(19).
-22
Let q(n) = 4*n**3 - 14*n**2 - 60*n + 130. Give q(2).
-14
Let n(u) = -u**3 - 130*u**2 - 1741*u + 5. What is n(-15)?
245
Let g(p) = -3*p**3 + 29*p**2 - 37*p + 922. What is g(15)?
-3233
Let q(b) = b**2 + 3434*b - 145979. Determine q(42).
13
Let f(a) = -a**3 + 43*a**2 - 102*a - 761. Calculate f(40).
-41
Let t(n) = 7837*n + 78471. Give t(-10).
101
Let j(i) = -i**3 + 502*i**2 - 1583*i + 43887. Determine j(499).
973
Let o(q) = 3*q**3 - 3627*q**2 + 195*q - 235759. What is o(1209)?
-4
Let w(n) = -97285*n + 389090. Determine w(4).
-50
Let f(w) = 39*w**2 - 321*w + 91. Determine f(8).
19
Let n(s) = -3*s**3 + 27*s**2 + 205*s - 1834. What is n(9)?
11
Let y(l) = 29109*l - 378609. Determine y(13).
-192
Let z(w) = -3*w**3 + 88*w**2 + 55*w - 235. Give z(31).
-3335
Let w(n) = -21*n**2 - 1950*n + 6341. Determine w(-96).
5
Let u(h) = h**2 - 966*h + 204057. Calculate u(312).
9
Let k(d) = 41800*d + 209156. Determine k(-5).
156
Let w(v) = 244*v**2 - 1221*v + 2. Give w(5).
-3
Let z(q) = -12*q**3 + 1127*q**2 + 89*q + 419. What is z(94)?
-51
Let b(c) = 2*c**3 - 110*c**2 + 89*c + 49. Calculate b(54).
-977
Let n(g) = 232*g**3 - 2311*g**2 - 152*g + 628. What is n(10)?
8
Let d(n) = 26*n**2 - 6437*n - 723. Determine d(248).
2005
Let k(q) = -8*q**3 + 1156*q**2 + 632*q - 7541. What is k(145)?
-1
Let n(d) = -19*d**2 + 625*d + 14987. What is n(49)?
-7
Let o(l) = -8*l**3 - 635*l**2 - 249*l + 341. Determine o(-79).
1289
Let o(i) = i**2 - 39*i - 1277. Determine o(-22).
65
Let v(l) = 969*l - 4240. Determine v(5).
605
Let d(j) = 647*j - 103638. What is d(160)?
-118
Let l(x) = x**3 - 30*x**2 + 3281*x - 90193. Give l(28).
107
Let f(y) = 6*y**2 - 626*y + 11240. What is f(23)?
16
Let d(j) = 1038*j + 147385. What is d(-142)?
-11
Let r(f) = f**3 + 122*f**2 - 2480*f + 1994. Give r(17).
5
Let l(z) = -z**2 - 559*z - 74094. Determine l(-216).
-6
Let y(i) = i**3 - 106*i**2 + 2662*i + 248. Calculate y(65).
53
Let q(f) = 6935*f - 47419. Determine q(7).
1126
Let s(v) = -20768*v - 83185. Determine s(-4).
-113
Let a(k) = -19*k**3 - 987*k**2 - 122*k - 9040. Calculate a(-52).
8
Let v(i) = 6*i**2 + 2223*i - 194205. Give v(73).
48
Let r(l) = l**3 - 137*l**2 + 1955*l - 28658. Give r(123).
1
Let v(r) = -r**3 - 79*r**2 - 738*r - 119. Determine v(-11).
-229
Let v(q) = 4590*q - 789479. Give v(172).
1
Let z(g) = 667*g + 154297. What is z(-231)?
220
Let s(n) = -n**2 - 99828*n + 1098220. Determine s(11).
-9
Let n(v) = -308*v**2 - 221*v + 440. Determine n(2).
-1234
Let j(g) = g**2 - 191*g - 8061. Determine j(-37).
375
Let d(j) = 27*j**3 - 6*j**2 - 689*j - 2690. Calculate d(-4).
-1758
Let k(y) = -y**2 - 972*y - 203537. What is k(-305)?
-102
Let n(a) = -13513*a**2 + 13783*a + 3. What is n(1)?
273
Let a(f) = -41857*f - 251189. Give a(-6).
-47
Let r(h) = h**2 - 173*h - 5610. Determine r(-29).
248
Let b(m) = 41*m**3 + 8777*m**2 + 633*m - 1929. Determine b(-214).
-3
Let n(i) = -23*i**2 - 1046*i - 6202. What is n(-7)?
-7
Let h(s) = -3*s**2 - 3751*s - 91905. What is h(-25)?
-5
Let l(j) = j**2 - 789*j - 3158. Calculate l(-4).
14
Let p(a) = 4*a**3 + 534*a**2 - 3060*a - 357. Calculate p(-139).
-79
Let p(l) = -l**2 + 346*l + 19872. Determine p(-50).
72
Let h(v) = -697*v - 5544. Give h(-8).
32
Let a(n) = 407*n + 73741. Give a(-181).
74
Let a(r) = -153*r + 2790. What is a(15)?
495
Let q(i) = -71*i**2 - 70644*i + 994. Calculate q(-995).
-1
Let g(o) = -5*o**3 + 64*o**2 - 190*o + 60. Determine g(3).
-69
Let h(u) = -97816*u - 195638. Determine h(-2).
-6
Let t(a) = 18*a**2 + 3244*a - 3258. Give t(1).
4
Let g(m) = 29*m**2 - 277*m + 27. Determine g(8).
-333
Let u(n) = 8152*n - 48979. Give u(6).
-67
Let g(j) = j**2 - 397*j - 20339. What is g(-47)?
529
Let h(s) = 4*s**3 - 792*s**2 - 9*s + 1754. Determine h(198).
-28
Let m(k) = -30*k - 3163. Determine m(-85).
-613
Let l(t) = 1139*t - 1252. Calculate l(1).
-113
Let i(p) = -70570*p + 211858. Give i(3).
148
Let o(d) = -d**2 - 6424*d + 51354. Determine o(8).
-102
Let o(f) = f**2 - 1610*f - 37559. Calculate o(-23).
0
Let z(r) = 2*r**3 + 83*r**2 + 9641*r + 393607. What is z(-41)?
7
Let i(o) = -21*o**2 + 867*o - 3. What is i(0)?
-3
Let m(s) = -735*s - 396735. Give m(-539).
-570
Let b(w) = -w**3 - 2399*w**2 - 11963*w + 29. Calculate b(-5).
-6
Let p(k) = 246*k - 6373. What is p(26)?
23
Let k(u) = u**3 + 215*u**2 - 2053*u + 328. Calculate k(9).
-5
Let b(y) = 4447*y**2 - 43*y + 11. Calculate b(1).
4415
Let p(n) = -1732*n - 79705. Calculate p(-46).
-33
Let n(f) = -7*f**3 + 30*f**2 - 1828*f + 9202. Determine n(5).
-63
Let x(b) = -36*b**2 - 4229*b + 63816. Give x(-131).
19
Let y(b) = 464*b**3 - 2*b**2 + 2431*b + 2434. What is y(-1)?
-463
Let a(g) = -213408*g - 12164240. Calculate a(-57).
16
Let y(n) = 18*n**2 - 568*n - 2319. What is y(-4)?
241
Let b(s) = 675*s + 1536. Determine b(0).
1536
Let j(l) = 58*l**2 + 16*l - 60. Give j(4).
932
Let q(j) = j**3 - 29*j**2 + 210*j + 5. What is q(14)?
5
Let f(s) = -69038*s - 138080. Give f(-2).
-4
Let d(j) = -j**3 + 2*j**2 - 831*j + 3361. What is d(4)?
5
Let v(p) = -13*p**2 + 230*p + 83. Give v(18).
11
Let p(m) = -388*m**2 + 1913*m + 8. Give p(5).
-127
Let s(a) = 2*a**2 + 406*a - 4737. What is s(-214)?
-29
Let a(g) = -87*g + 2566. What is a(19)?
913
Let g(p) = -27581*p + 8412209. Determine g(305).
4
Let j(k) = 363*k + 17597. What is j(-49)?
-190
Let x(v) = -v**2 - 147*v + 12545. Determine x(-197).
2695
Let c(z) = -z**3 - 865*z**2 - 84335*z + 107. What is c(-112)?
-5
Let p(x) = -35*x**2 - 99*x + 1344. Give p(5).
-26
Let d(l) = -l**3 + 19*l**2 + 287*l - 5057. Determine d(14).
-59
Let u(x) = -x**2 + 666*x + 29012. What is u(-41)?
25
Let r(m) = 63084*m - 441593. Calculate r(7).
-5
Let p(o) = 2*o**3 - 489*o**2 - 3484*o + 4454. Determine p(-8).
6
Let v(r) = 1272*r - 8934. Determine v(7).
-30
Let z(k) = -35*k**3 - 56*k**2 + 7*k + 19. Give z(-1).
-9
Let w(b) = -51*b**2 + 18817*b + 569. Give w(369).
-169
Let v(z) = -283*z + 1420. What is v(5)?
5
Let c(r) = -5*r**2 + 470*r + 8796. What is c(-16)?
-4
Let t(n) = -4*n**3 - 38*n**2 + 9*n - 152. Give t(-10).
-42
Let g(r) = 7607*r + 76064. Determine g(-10).
-6
Let x(n) = -2*n**3 - 907*n**2 + 25946*n + 32. Give x(27).
5
Let w(s) = s**2 - 35*s + 284. Give w(24).
20
Let c(v) = 2*v**2 + 595*v - 10699. Calculate c(-314).
-337
Let l(a) = 15*a**2 - 71375*a + 712241. What is l(10)?
-9
Let h(i) = 8050*i + 1175354. Give h(-146).
54
Let g(c) = -c**2 + 14421*c + 230978. What is g(-16)?
-14
Let s(i) = i**2 + 16*i - 120. Give s(-19).
-63
Let m(t) = t**3 + 10*t**2 - 15*t - 253. What is m(6)?
233
Let y(o) = -940*o + 18978. Determine y(19).
1118
Let h(g) = 1450*g + 100133. What is h(-69)?
83
Let w(q) = q**2 - 528*q - 131012. Give w(-184).
-4
Let p(u) = 3218*u**2 - 6501*u. Calculate p(2).
-130
Let a(f) = 249*f**2 - 6669*f - 1397. Give a(27).
61
Let x(p) = -p**3 - 68*p**2 - 134*p - 188. Calculate x(-66).
-56
Let p(x) = -2*x**3 - 95*x**2 - 1024*x + 18. Give p(-15).
753
Let p(x) = x**3 - 592*x**2 + 1537*x - 210616. Determine p(590).
14
Le